digit of 229511568?
1
What is the hundred thousands digit of 520970674?
9
What is the units digit of 6803900?
0
What is the hundred thousands digit of 1057161182?
1
What is the tens digit of 19954889?
8
What is the hundred thousands digit of 1605386981?
3
What is the thousands digit of 162154792?
4
What is the thousands digit of 93305375?
5
What is the hundred thousands digit of 122290163?
2
What is the ten thousands digit of 36513607?
1
What is the hundred thousands digit of 15348774?
3
What is the ten thousands digit of 34271122?
7
What is the hundred millions digit of 5235103692?
2
What is the ten millions digit of 102676013?
0
What is the ten millions digit of 466170224?
6
What is the hundred thousands digit of 9511691?
5
What is the hundred millions digit of 824959084?
8
What is the millions digit of 228010458?
8
What is the millions digit of 432565737?
2
What is the hundred thousands digit of 4116744?
1
What is the billions digit of 2541125469?
2
What is the hundred thousands digit of 39517941?
5
What is the thousands digit of 163138440?
8
What is the hundred thousands digit of 33248323?
2
What is the ten millions digit of 46545347?
4
What is the tens digit of 775689820?
2
What is the ten millions digit of 2985844429?
8
What is the units digit of 177264332?
2
What is the hundred thousands digit of 192533704?
5
What is the units digit of 53199485?
5
What is the ten millions digit of 679004515?
7
What is the thousands digit of 66184145?
4
What is the hundreds digit of 317499500?
5
What is the hundred thousands digit of 58177206?
1
What is the units digit of 4264618?
8
What is the hundreds digit of 21449214?
2
What is the tens digit of 315935468?
6
What is the thousands digit of 1669962839?
2
What is the ten thousands digit of 1252807176?
0
What is the millions digit of 1743671108?
3
What is the millions digit of 77617651?
7
What is the hundred millions digit of 393937460?
3
What is the thousands digit of 1924631731?
1
What is the millions digit of 206702709?
6
What is the ten thousands digit of 99289351?
8
What is the ten thousands digit of 4101613860?
1
What is the thousands digit of 55899171?
9
What is the hundreds digit of 238029496?
4
What is the tens digit of 44701570?
7
What is the ten millions digit of 86486375?
8
What is the hundreds digit of 905643625?
6
What is the hundred thousands digit of 16469905?
4
What is the hundred millions digit of 2670192970?
6
What is the tens digit of 65612575?
7
What is the hundred thousands digit of 2114680851?
6
What is the hundred millions digit of 346628814?
3
What is the hundred millions digit of 1355088304?
3
What is the ten millions digit of 192995052?
9
What is the thousands digit of 8270842?
0
What is the ten millions digit of 791767117?
9
What is the ten thousands digit of 90197907?
9
What is the units digit of 2484979933?
3
What is the units digit of 23609087?
7
What is the ten millions digit of 652904591?
5
What is the units digit of 499569126?
6
What is the hundred thousands digit of 41058596?
0
What is the millions digit of 66778840?
6
What is the hundreds digit of 33642860?
8
What is the millions digit of 9001986?
9
What is the ten thousands digit of 39855924?
5
What is the millions digit of 84601740?
4
What is the millions digit of 13605283?
3
What is the hundred millions digit of 632019355?
6
What is the millions digit of 461914175?
1
What is the billions digit of 1362986627?
1
What is the ten millions digit of 2084003162?
8
What is the millions digit of 3490601096?
0
What is the units digit of 794403301?
1
What is the hundred millions digit of 152745861?
1
What is the billions digit of 1292902026?
1
What is the tens digit of 145074459?
5
What is the ten millions digit of 592007263?
9
What is the millions digit of 633105108?
3
What is the ten thousands digit of 40991801?
9
What is the ten millions digit of 307309314?
0
What is the millions digit of 16672037?
6
What is the ten thousands digit of 202519576?
1
What is the ten thousands digit of 3331029914?
2
What is the hundred millions digit of 5205896043?
2
What is the hundreds digit of 137758931?
9
What is the ten thousands digit of 634854583?
5
What is the tens digit of 97202972?
7
What is the hundred thousands digit of 60485647?
4
What is the ten thousands digit of 860183?
6
What is the ten thousands digit of 103209732?
0
What is the units digit of 3813503551?
1
What is the millions digit of 60721145?
0
What is the thousands digit of 2049180224?
0
What is the units digit of 6387929665?
5
What is the tens digit of 1056341315?
1
What is the millions digit of 107288017?
7
What is the hundreds digit of 10503477?
4
What is the thousands digit of 418774187?
4
What is the hundreds digit of 4881976599?
5
What is the ten thousands digit of 1159223064?
2
What is the hundred thousands digit of 157840420?
8
What is the hundred thousands digit of 216274630?
2
What is the hundred thousands digit of 605912454?
9
What is the ten thousands digit of 124922217?
2
What is the hundred thousands digit of 2884691727?
6
What is the thousands digit of 860253816?
3
What is the units digit of 24167998?
8
What is the ten thousands digit of 48026055?
2
What is the units digit of 44811239?
9
What is the units digit of 234227897?
7
What is the ten thousands digit of 612422640?
2
What is the ten millions digit of 21856781?
2
What is the tens digit of 22407962?
6
What is the ten millions digit of 2846430112?
4
What is the millions digit of 69467339?
9
What is the ten millions digit of 490251773?
9
What is the tens digit of 34719925?
2
What is the ten thousands digit of 1520725885?
2
What is the ten thousands digit of 2766277753?
7
What is the millions digit of 3754510?
3
What is the tens digit of 1585391004?
0
What is the thousands digit of 363354350?
4
What is the units digit of 1467406310?
0
What is the units digit of 41972757?
7
What is the hundred thousands digit of 86012905?
0
What is the ten thousands digit of 1587253085?
5
What is the hundreds digit of 204941211?
2
What is the hundreds digit of 473644102?
1
What is the tens digit of 56291804?
0
What is the hundreds digit of 487220092?
0
What is the ten millions digit of 524853517?
2
What is the units digit of 388494904?
4
What is the hundreds digit of 51620559?
5
What is the tens digit of 40735685?
8
What is the thousands digit of 10667145?
7
What is the hundred millions digit of 231269428?
2
What is the hundreds digit of 1790642552?
5
What is the billions digit of 1278737705?
1
What is the hundreds digit of 5074218047?
0
What is the millions digit of 40524437?
0
What is the ten millions digit of 159090787?
5
What is the ten millions digit of 4696773448?
9
What is the hundred millions digit of 184716833?
1
What is the hundred thousands digit of 53837862?
8
What is the ten thousands digit of 62983460?
8
What is the tens digit of 79946646?
4
What is the units digit of 1786798402?
2
What is the millions digit of 60487881?
0
What is the millions digit of 2730756581?
0
What is the millions digit of 2123915330?
3
What is the hundreds digit of 27957239?
2
What is the ten thousands digit of 18596772?
9
What is the thousands digit of 22430465?
0
What is the millions digit of 3658302750?
8
What is the hundreds digit of 11454503?
5
What is the ten millions digit of 40918727?
4
What is the millions digit of 46637499?
6
What is the thousands digit of 898175217?
5
What is the ten thousands digit of 16542855?
4
What is the billions digit of 4537737544?
4
What is the millions digit of 66400504?
6
What is the hundreds digit of 2342391109?
1
What is the tens digit of 373198135?
3
What is the units digit of 514016128?
8
What is the millions digit of 64171806?
4
What is the hundreds digit of 19382923?
9
What is the tens digit of 151627446?
4
What is the hundred thousands digit of 31673136?
6
What is the hundred millions digit of 1045347390?
0
What is the ten millions digit of 128601978?
2
What is the hundred thousands digit of 662694582?
6
What is the millions digit of 1349455186?
9
What is the ten thousands digit of 870373019?
7
What is the ten millions digit of 199635771?
9
What is the ten thousands digit of 559677?
5
What is the hundreds digit of 208785831?
8
What is the hundred millions digit of 2108813631?
1
What is 